 -2bd025 (base 15) to base 4.
-20011131233
-583995 (base 10) to base 9
-1080073
What is 5bd3fa (base 16) in base 8?
26751772
-21021000221 (base 3) to base 5
-14033114
Convert -48ba3b (base 12) to base 4.
-10200200033
What is -1100101100110110000000 (base 2) in base 7?
-40204505
What is -1077247 (base 8) in base 16?
-47ea7
2241045 (base 7) to base 10
278892
29b2bc (base 14) to base 3
2201202221202
Convert 142352506 (base 7) to base 4.
203230211002
-13721 (base 12) to base 10
-26953
What is -74998 (base 12) in base 16?
-25784
What is 4391 (base 11) in base 2?
1011010011011
-29a744 (base 14) to base 3
-2201200101111
Convert 1132001 (base 4) to base 6.
43505
Convert 8c258 (base 13) to base 12.
10387b
-242304204 (base 5) to base 16
-115151
What is 19932 (base 15) in base 6?
1440332
Convert -11201222012 (base 3) to base 16.
-16c6a
What is -2683a (base 16) in base 7?
-1224632
12278 (base 9) to base 10
8252
Convert 6564404 (base 8) to base 13.
499958
What is a46786 (base 14) in base 5?
2410043413
What is 112102210011100 (base 3) in base 14?
1039d61
Convert 10010001110111000101 (base 2) to base 12.
2498b1
What is 761650 (base 8) in base 4?
332032220
Convert 5933a (base 12) to base 6.
2322114
Convert -aba71a (base 12) to base 7.
-32146651
What is 63a06 (base 12) in base 8?
377746
245543015 (base 6) to base 16
4895f3
What is 31677 (base 15) in base 6?
3205304
What is -35e379 (base 15) in base 6?
-131141053
8c448b (base 13) to base 7
40146020
What is -44422341 (base 5) in base 11?
-246374
What is 6854 (base 13) in base 16?
390b
What is 182516 (base 9) in base 3?
12202120120
What is 2328655 (base 10) in base 3?
11101022022111
What is -127725 (base 12) in base 3?
-120102020102
What is 3a984 (base 11) in base 12?
2997a
271cc10 (base 13) to base 9
25141572
-321666 (base 8) to base 15
-21c81
121313022 (base 5) to base 3
1002002212001
What is -155765 (base 8) in base 13?
-1c826
142129 (base 12) to base 7
2564604
ca839c (base 16) to base 9
26867636
What is -128c589 (base 13) in base 9?
-11857610
What is 334411413 (base 6) in base 13?
1356819
220274 (base 8) to base 14
1cd1a
-26b346 (base 12) to base 8
-2345046
What is 102053561 (base 7) in base 4?
112330013231
Convert -3ff1dc (base 16) to base 5.
-2033100214
What is -44623 (base 15) in base 13?
-77c3a
Convert -1149825 (base 10) to base 8.
-4305601
-287ca (base 13) to base 7
-434466
Convert 89a2b (base 12) to base 16.
2ca83
What is -4e69b3 (base 16) in base 4?
-103212212303
Convert -204650 (base 8) to base 10.
-68008
Convert -960a9 (base 12) to base 3.
-101000101210
What is -1b56611 (base 13) in base 14?
-12c0979
What is 104018 (base 11) in base 12?
80362
What is -317054 (base 8) in base 16?
-19e2c
-1111111010011011100011 (base 2) to base 12
-1492083
5314305 (base 6) to base 4
333031001
What is 10110101100101001110000 (base 2) in base 3?
102012021221202
-4e076 (base 15) to base 10
-249861
Convert -21100000122 (base 3) to base 13.
-50927
40234204 (base 5) to base 14
85095
1100000101001110010 (base 2) to base 10
395890
-121023311 (base 5) to base 12
-232612
6660 (base 7) to base 15
a99
What is 37cfae (base 16) in base 5?
1414021041
What is -31420244 (base 5) in base 8?
-1003220
1024422142 (base 5) to base 7
24402644
Convert -54a54 (base 12) to base 2.
-11011010111100000
Convert -3471 (base 10) to base 3.
-11202120
Convert 87a98 (base 12) to base 2.
101011110101010100
What is -41076165 (base 8) in base 4?
-201013301311
Convert 211512105 (base 7) to base 3.
212122000022000
Convert 362a86 (base 11) to base 16.
8c5f5
What is -6346a (base 12) in base 15?
-288dd
214201440 (base 5) to base 12
389302
-944401 (base 10) to base 15
-139c51
Convert 3904cc (base 13) to base 9.
2520641
1630011 (base 7) to base 10
225702
What is 214211233 (base 5) in base 7?
10616201
Convert -4346522 (base 9) to base 4.
-20321310002
What is -133403602 (base 7) in base 8?
-41014042
What is -12393372 (base 10) in base 2?
-101111010001101110011100
What is 2b0b87 (base 16) in base 12?
b40633
-6132a1 (base 13) to base 14
-42cbbd
What is -440613 (base 7) in base 13?
-29157
132549 (base 15) to base 16
e069a
Convert 2411205 (base 6) to base 7.
1033235
4862654 (base 12) to base 16
d69720
-1532424 (base 9) to base 11
-52a277
-30514525 (base 7) to base 8
-11605355
11967b (base 14) to base 11
381504
-a377c (base 14) to base 11
-249a18
Convert -234333411 (base 5) to base 16.
-10a140
-40331 (base 9) to base 6
-322431
Convert -687231 (base 9) to base 15.
-8216a
-5114543 (base 7) to base 13
-18431c
Convert -410243 (base 5) to base 16.
-338e
What is -403166 (base 7) in base 11?
-473a0
Convert -10152003 (base 6) to base 15.
-5c46c
Convert -5402245 (base 8) to base 10.
-1442981
-42221333 (base 8) to base 11
-5089373
745610 (base 8) to base 3
110122011120
What is b28c6 (base 13) in base 5?
40220304
What is -4331323 (base 5) in base 9?
-122411
Convert 14037101 (base 8) to base 15.
426bca
31513 (base 9) to base 15
6289
101010011111000110 (base 2) to base 13
61294
6a694 (base 12) to base 4
202311100
12502354 (base 6) to base 2
1100100110000011110
Convert 360621 (base 9) to base 12.
a570a
What is 173da (base 16) in base 10?
95194
201132221 (base 4) to base 7
1110536
What is -10001101001010 (base 2) in base 14?
-3414
Convert -e1ae (base 16) to base 4.
-32012232
-10095b (base 12) to base 3
-110201012122
What is 33153150 (base 7) in base 10?
2853501
c33aa2 (base 14) to base 4
121012110032
Convert -112031333030 (base 4) to base 3.
-101221220122202
What is -34d19 (base 15) in base 4?
-221012010
What is 33560446 (base 7) in base 12?
b8b147
What is 32636140 (base 7) in base 12?
b39837
What is -2442 (base 16) in base 3?
-110201210
Convert 10010211101 (base 3) to base 16.
f190
13333433 (base 5) to base 3
20221120120
What is -38a9244 (base 11) in base 3?
-110201112101221
What is -1785146 (base 10) in base 15?
-253deb
Convert 7355b (base 12) to base 10.
151127
36b3952 (base 12) to base 7
156553205
-1011201112202 (base 3) to base 16
-98726
Convert -751267 (base 8) to base 15.
-4e386
-552a69 (base 12) to base 8
-5122161
Convert -3111021021 (base 4) to base 13.
-2474b5
Convert -24460531 (base 7) to base 5.
-1030341313
Convert 1839223 (base 11) to base 9.
5768475
552141 (base 10) to base 14
105309
2031234 (base 5) to base 15
9d14
-336def (base 16) to base 2
-1100110110110111101111
Convert 3014245 (base 7) to base 11.
224120
What is 111100010010001000 (base 2) in base 4?
330102020
Convert -27880a (base 13) to base 16.
-eabab
What is -4666000 (base 11) in base 13?
-18c3b38
What is 11033112 (base 4) in base 11?
15141
Convert -51415502 (base 7) to base 5.
-2100310310
What is -73bb51 (base 13) in base 16?
-295d2a
26565 (base 16) to base 3
21222101220
Convert -220794 (base 14) to base 2.
-100011001101110111110
-1232130411 (base 5) to base 3
-12122200020020
Convert -1383ed (base 15) to base 14.
-1a6380
Convert 5531330 (base 7) to base 5.
133224434
-c8cb4 (base 15) to base 16
-9b9b9
-110000120 (base 4) to base 8
-240030
36968 (base 16) to base 6
4443052
What is -1320403 (base 5) in base 7?
-136555
What is 106034 (base 7) in base 11?
13213
Convert -252343441 (base 6) to base 2.
-10010100111110010010001
Convert -140434242 (base 5) to base 6.
-23220224
What is 10134732 (base 9) in base 10?
4865213
What is -7d796 (base 15) in base 2?
-1100001101001011110
Convert 899ab4 (base 13) to base 8.
14311553
212230220223 (base 4) to base 6
1001232203
1005550 (base 7) to base 12
592a4
-210120121111212 (base 3) to base 12
-3a10388
3407d2 (base 15) to base 9
4603178
1101100111111000111 (base 2) to base 11
285435
What is 71648 (base 12) in base 7?
1153622
What is 1802ee (base 16) in base 2?
110000000001011101110
514776 (base 8) to base 16
299fe
Convert -585317 (base 10) to base 11.
-36a837
What is 100111101111001011010 (base 2) in base 12?
52964a
-5372154 (base 8) to base 11
-8a3016
Convert -28329a5 (base 11) to base 9.
-10156145
What is -1101101111100111001 (base 2) in base 5?
-103402421
Convert 1145d (base 16) to base 10.
70749
-504464 (base 8) to base 3
-22102222102
-34553012 (base 7) to base 13
-824c18
Convert 4146 (base 7) to base 2.
10110101111
Convert 1633166 (base 9) to base 7.
10500330
Convert 1413134043 (base 5) to base 7.
42664112
What is 11001110220 (base 3) in base 13?
2a432
What is -52531 (b